75 - 57. Calculate the highest common divisor of i and 126.
18
Let m be 60*(4 + (-30)/9). Suppose 11 = 3*o - 4. What is the greatest common divisor of o and m?
5
Suppose 0 = 2*l - 3*k - 58 + 1, 5*l - 85 = -4*k. What is the greatest common factor of 168 and l?
21
Let r = 23 + 17. What is the highest common factor of r and 8?
8
Suppose 2*k = 5*r - 3*r - 18, -3*r + k = -25. Calculate the greatest common divisor of 28 and r.
4
Let c = 87 - -72. Let t = c - 103. What is the greatest common divisor of 14 and t?
14
Suppose -3*h = o - 464, 4*h - o + 3*o = 618. What is the highest common divisor of 31 and h?
31
Let i(g) = -7*g + 17. Let p be i(-9). Suppose 1 = -x - t + 6, 4*t + 40 = 2*x. What is the highest common factor of x and p?
10
Let k be (0 - -6)*4/(-6). Let y be (0 + -2)*(k - -2). What is the highest common factor of y and 4?
4
Let q be 1*((-4 - -1) + 31). Calculate the greatest common factor of 7 and q.
7
Let n be 11 + -13 - 26/(-1). Calculate the highest common divisor of 216 and n.
24
Let r = 12 + 43. Let q = -2 - -4. Suppose -q*u + 10 = -0*u. Calculate the highest common factor of u and r.
5
Let k(j) = 17*j**2 + 1. Let v be k(1). Calculate the greatest common factor of 12 and v.
6
Let v = 32 + 3. Calculate the highest common factor of v and 5.
5
Let a = 4 + -1. Let o be 7 + -1*(-3 - -7). Calculate the greatest common factor of o and a.
3
Let n = 148 - 122. What is the greatest common divisor of 130 and n?
26
Let m = -9 + 17. Let t be (10/3)/((-4)/(-6)). Suppose 160 = t*d - a, 2*d - 48 = -2*a + 16. What is the highest common factor of d and m?
8
Let o = -47 + 165. Calculate the highest common divisor of 177 and o.
59
Suppose 82 = 4*u - 78. Let j(a) = -9*a - 1. Let i be j(-1). Let l = i + 0. Calculate the highest common factor of u and l.
8
Let a(i) = i**3 + 9*i**2 - i - 7. Let n be a(-9). What is the highest common factor of 16 and n?
2
Let d = -5 + 26. Let p(g) = 17*g - 1. Suppose -n + 3*l = -20, n + l + 2*l = -10. Let m be p(n). Calculate the highest common factor of d and m.
21
Suppose 5*y + 120 = 8*y. Calculate the greatest common factor of y and 10.
10
Suppose 8 = 2*o - 0. Calculate the greatest common divisor of 20 and o.
4
Let o = -31 - -34. What is the greatest common divisor of 24 and o?
3
Let f(a) = -7 + a**2 + 3*a**2 - a**2 - 4*a**2 + 6*a. Let d be f(3). Calculate the greatest common divisor of 5 and d.
1
Suppose 0 = 2*z - d - 40 - 28, -5*d = -4*z + 148. Let c = 169 - 115. Suppose -14 + c = 5*i. What is the greatest common factor of i and z?
8
Suppose -2*w + 18 = -6. What is the greatest common factor of 3 and w?
3
Let j(d) = -d**2 - d + 12. Let a be j(0). Let p be (-30)/12*2*1. Let v = p + 11. What is the greatest common divisor of v and a?
6
Let t be -10*(-2 + (-115)/25). Calculate the greatest common factor of t and 6.
6
Suppose g - 3 = -2*g. Calculate the highest common factor of 9 and g.
1
Let o be (15/(-12))/((-1)/72). Suppose 19*n - 16*n - 90 = 0. What is the highest common factor of n and o?
30
Let v = -8 + 11. Suppose -v*j + 0*j + 4 = n, -3*n - j = -28. Let g = 71 + -46. What is the highest common divisor of g and n?
5
Suppose -3*k + 6 = -5*a - 0*k, -4*a + 3 = -5*k. Let o = -12 + 1. Let r be (-1)/a + o/(-3). Calculate the highest common divisor of 16 and r.
4
Suppose -2*z - 622 = -4*q, q = -0*z + z + 158. Calculate the highest common divisor of 17 and q.
17
Let m(l) = l**2 - 6*l - 9. Let v be m(7). Let w = 9 - v. What is the greatest common factor of 44 and w?
11
Let w(l) = 3*l**2 + l**3 + l + 0*l**3 - l. Let p be w(-3). Suppose g - 3*g + 24 = p. Calculate the highest common divisor of g and 6.
6
Let c(i) = -i**3 - 11*i**2 + 11*i + 5. Let v be c(-12). Calculate the highest common divisor of v and 153.
17
Suppose -90 = -2*o - 26. Let z(l) = l + 1. Let r(i) = -2*i - 3. Let s(p) = 4*r(p) + 11*z(p). Let j be s(3). What is the greatest common divisor of o and j?
8
Let u(r) = 3*r**2 - 3*r - 3. Suppose -a - 1 - 3 = -b, 0 = 2*a. Let x be u(b). Calculate the highest common factor of 3 and x.
3
Let p = 55 + -53. Calculate the greatest common divisor of 2 and p.
2
Suppose -s + 10 = -8. Let j be s/4 - 2/4. What is the greatest common factor of j and 1?
1
Let n(a) = 3*a**2 + 6*a - 1. Let r be n(6). Calculate the highest common factor of 13 and r.
13
Let i = 3 - -2. Suppose -2*q - i*a + 3 = 0, q - 4*a - 34 = -0*a. Let l = -80 + 136. Calculate the highest common factor of l and q.
14
Suppose 2*o = -5*l + 65, -5*l = -l - 2*o - 34. What is the highest common factor of l and 11?
11
Let i = -4 - -36. Let l(d) = 24*d + 1. Let g be l(3). Suppose 2*m - 233 + g = 0. What is the highest common factor of i and m?
16
Suppose 3*m = 111 - 9. Calculate the highest common factor of 85 and m.
17
Let f(m) be the second derivative of m**3/3 - m**2/2 - m. Let o be f(5). Calculate the highest common factor of 27 and o.
9
Let z = 173 + -154. Calculate the greatest common factor of z and 76.
19
Suppose 2*d - 2*k - 878 = -2*d, 3*d = -3*k + 636. Calculate the highest common divisor of d and 31.
31
Let y = -16 + 10. Let j(x) be the second derivative of x**4/6 + 2*x**3/3 + 3*x**2 - 2*x. Let o be j(y). Calculate the highest common divisor of o and 6.
6
Let d be 1 - 3/((-1)/1). Let q be (2 - 1)/((-1)/(-48)). Suppose u + q = 4*u. What is the greatest common divisor of u and d?
4
Let v be (28/(-35))/((-2)/280). Calculate the greatest common divisor of v and 16.
16
Suppose 5*h - 40 = -5*a + a, 0 = -4*h - 16. Let i(j) = 9*j**2 - 7*j + 4. Let n be i(4). Calculate the highest common divisor of n and a.
15
Let i = 8 - -8. Let x(h) = h**3 - 12*h**2 - 5*h + 8. Let s be x(13). What is the highest common factor of i and s?
16
Let w(t) = t**3 + t**2 - 2*t + 3. Let i be w(-4). Let h be i/(-4) + 1/(-4). What is the greatest common factor of h and 9?
9
Suppose -p - 56 = 3*p - 2*y, y = p + 16. Let n be ((-9)/p)/((-5)/(-40)). What is the highest common factor of 24 and n?
6
Suppose 0 = -5*w + 2*h + 730, -w + 457 = 2*w - 5*h. What is the highest common factor of 9 and w?
9
Let b be 6/(-27) + (-1842)/(-27). Suppose -3*j - 17 = -b. Calculate the greatest common factor of j and 34.
17
Suppose 4*s + 2*k = 10, -4*k + 16 = 5*s + 2. Suppose 2*d = -s*d + 36. Let u be 6*(0 - d/(-6)). What is the greatest common divisor of 99 and u?
9
Suppose -6*i + 2*i - 32 = -4*a, -5*a = 2*i - 47. Calculate the greatest common divisor of 1 and a.
1
Suppose 0*l = -4*l. Let n be 2 + -2 + (0 - l). Let m be 1*(n - -13) - 1. Calculate the greatest common divisor of m and 6.
6
Let x(j) = -13*j**3 - j. Let n be x(-1). Calculate the greatest common factor of 2 and n.
2
Suppose -n - 2*z + 4*z + 153 = 0, -2*z = -8. What is the greatest common divisor of n and 23?
23
Let l(x) = -x**3 + 3*x**2 + 2*x + 2. Let q be l(3). What is the highest common divisor of 16 and q?
8
Let f = -18 - -16. Let w = 11 + f. Calculate the highest common factor of 1 and w.
1
Let b(h) be the first derivative of h**3/3 - 2*h**2 + 4*h + 2. Let s be b(5). Let l be 9/(-2)*(-22 - 0). What is the highest common factor of l and s?
9
Suppose -5*p - f = -94, -3*p - 3*f = -2*p - 16. What is the greatest common divisor of p and 171?
19
Suppose 0 = -o - 5, 2*o + 0*o = 4*w - 370. Let j = 16 + -6. What is the greatest common divisor of j and w?
10
Suppose 9*a = 4*a + 20. Let k = 4 - a. Suppose -3*c + 18 = -k*c. Calculate the greatest common factor of 18 and c.
6
Let p(j) = -j**2 - 14*j - 28. Let o be p(-9). Calculate the greatest common factor of o and 51.
17
Let u = -12 + 7. Let s(n) = n**2 + 4*n - 1. Let q be s(u). Suppose 175 = y + q*y. What is the highest common divisor of y and 14?
7
Let m be 78/2 - (7 + -3). What is the greatest common factor of m and 7?
7
Suppose 2*l = -0 + 6. Let v be (-220)/(-8) - 4/8. What is the greatest common divisor of v and l?
3
Suppose -3*v + 21 = 18. What is the highest common divisor of 9 and v?
1
Let x(s) = -2*s**3 + 13*s**2 + 8*s. Let h be x(7). Suppose -4*o = -5*i - 7*o + 397, -i = 4*o - 93. Calculate the greatest common divisor of i and h.
7
Let s(i) = -7*i - 3. Let p be s(-3). Let m be 7/((-14)/(-106)) - (0 - 1). What is the highest common factor of m and p?
18
Let p(x) = 33*x. Let u be p(3). Let n be (-1*20)/((-9)/u). Let s(g) = -8*g - 4. Let o be s(-3). Calculate the highest common divisor of o and n.
20
Suppo